*c - 163. Let z = f - -51. What is the highest common factor of z and 48?
4
Suppose -4*y + 40 + 32 = 0. Let s = y + -9. What is the highest common divisor of 9 and s?
9
Let i = -179 - -242. Calculate the highest common divisor of 27 and i.
9
Suppose -x = 4*f - 12, -4*f + 5*f = 5*x - 123. What is the highest common divisor of 40 and x?
8
Let w(p) = 2*p**3 - 5*p**2 + 5*p + 6. Let g be (-27)/(-3)*4/12. Let c be w(g). What is the greatest common divisor of 60 and c?
30
Suppose -8 = -2*k - 2*k. Suppose -k*r + 11 = -15. Let q(l) = -l**2 + 15*l - 19. Let t be q(r). Calculate the greatest common factor of t and 77.
7
Let g(x) = 36*x - 126. Let j be g(6). What is the greatest common factor of j and 150?
30
Suppose -28 - 30 = -2*t. What is the highest common factor of 551 and t?
29
Suppose 3*o + 24 = 7*o. Suppose -3*k + o*k = -5*a + 90, 28 = k + a. Let i = 16 - 6. Calculate the greatest common factor of k and i.
5
Let f(w) = -w**3 + 2*w**2 + 5*w + 6. Let g = -33 - -30. Let h be f(g). What is the greatest common factor of 24 and h?
12
Let v(o) = -8*o + 47. Let g be v(5). What is the greatest common factor of 301 and g?
7
Let j = -598 - -650. Let x be -1 + (0 - 1)*-1. Suppose x = 5*q - 5*z - 60, -q + 4*z + 9 = -0. Calculate the greatest common divisor of j and q.
13
Suppose 5180 = -480*n + 485*n. Calculate the highest common divisor of 222 and n.
74
Let u = 174 - 150. Calculate the highest common factor of 396 and u.
12
Let d = 463 + -173. Suppose -d + 970 = 5*h. Let n = h - 64. What is the highest common factor of 36 and n?
36
Suppose -13 = -3*h - 1. Let c be h*(-2)/4 - -30. Let a be ((-56)/(-8))/(2 + -1). What is the highest common factor of c and a?
7
Suppose -2 = 2*y - 3*h, -6*h + 27 = -5*y - 4*h. Let c(v) = -v**2 - 10*v - 14. Let l be c(y). Calculate the highest common factor of l and 49.
7
Suppose i + 19*i - 6240 = 0. What is the greatest common divisor of 52 and i?
52
Let h(r) = -2*r**2 - 36*r + 48. Let l be h(-19). What is the highest common divisor of 4 and l?
2
Suppose -390*c = -388*c - 636. Calculate the greatest common divisor of 6 and c.
6
Suppose -720 = -13*q + 3*q. What is the highest common factor of 24 and q?
24
Suppose 977 - 896 = 9*y. Calculate the highest common divisor of y and 5.
1
Suppose 5*y - 4*c - 102 = -23, 40 = 3*y + 5*c. Suppose -5*i + 19 = -r, 3*i - 6*i - 3*r - 3 = 0. What is the highest common factor of i and y?
3
Let x be ((-15)/12)/(3/(-96)). Let h(b) = -b**3 + 10*b**2 - 8*b - 4. Let r be h(9). Calculate the highest common divisor of r and x.
5
Suppose 386 + 62 = 14*b. Calculate the greatest common factor of 144 and b.
16
Suppose -5*p = 3*i - 49, p - 3*i - 31 = -14. Suppose 1895 + 4089 = 68*v. What is the highest common factor of p and v?
11
Let f be (-17)/(-3) - (-2)/(-3). Let s(d) = d**3 - d**2 - 5*d - 3. Let i be s(f). Calculate the highest common factor of 36 and i.
36
Suppose 3*p + 5*a + 1186 = 5*p, 2*p = -4*a + 1168. Calculate the highest common factor of 49 and p.
49
Let z = -2245 + 3311. Calculate the highest common divisor of 26 and z.
26
Let k(z) = z**2 - z + 72. Let o be k(0). Let y = 27 + o. Suppose 0 = 3*l - 8*l + 45. Calculate the greatest common divisor of y and l.
9
Let s(p) = p**3 + 30*p**2 - 40*p - 31. Let k be s(-31). Calculate the greatest common factor of 8 and k.
8
Let j(w) be the second derivative of 4*w + 0 - 7/6*w**3 + 9/2*w**2 + 1/12*w**4. Let y be j(6). Calculate the greatest common divisor of y and 33.
3
Suppose 0 = -66*m + 72*m - 228. What is the greatest common factor of m and 95?
19
Suppose -13*f = -81 - 270. What is the highest common divisor of f and 81?
27
Suppose 3*f - 14 + 5 = 0. Suppose 3*a - 141 = -k, 2*a - f*a + 4*k = -60. What is the greatest common divisor of a and 24?
24
Let z(w) = 3*w + 36. Let p be z(-11). Suppose p*q - 51 = -0*q. Calculate the highest common divisor of 17 and q.
17
Suppose -72 = -5*a + 4*v, 2*a = -2*v + 5*v + 33. Let d be 1/(1*(2 - 1)). Let s = d + a. Calculate the highest common factor of s and 26.
13
Suppose -a - 5 = -6. Let p = a + 5. What is the greatest common factor of 54 and p?
6
Suppose 4*h - 4*d = 8480, h - 5*h + 2*d + 8480 = 0. What is the highest common divisor of 20 and h?
20
Let r(w) = -w**2 + 20*w - 7. Let g be r(13). Let s = -137 - -206. Suppose -3*j + a + 97 = -s, -4*a + 232 = 4*j. What is the highest common factor of j and g?
28
Let m(u) = -u**2 - 31*u - 176. Let c be m(-23). Calculate the greatest common divisor of 512 and c.
8
Let o(x) = -x + 1. Let z be o(4). Let s be (-36)/(-4) - 3/1. Let y = s - z. What is the greatest common divisor of y and 63?
9
Let k = 93 + -90. Suppose -43 = -r + k. What is the greatest common divisor of r and 92?
46
Suppose 91 + 177 = -4*o. Let h = -44 - o. Calculate the greatest common factor of h and 23.
23
Let t be (-21)/(-5) + 31/(-155). Let s be ((-30)/(-25))/(t/10). Calculate the highest common factor of 33 and s.
3
Suppose 13 = -7*a - 43. Let y be (-6)/4 - ((-1692)/a)/(-9). What is the highest common divisor of y and 242?
22
Let z = 44 + -5. Suppose 3*j - z = 36. Calculate the greatest common factor of j and 25.
25
Suppose -37 = -2*b + 63. Let s = 9 + -9. Suppose 25 = -s*a - 5*a, d = -3*a - 10. What is the greatest common factor of d and b?
5
Let r = -246 - -291. What is the highest common divisor of 45 and r?
45
Suppose -5*t + 2*o + 15 = 3*o, -5*o - 9 = 4*t. Suppose -4*k + 10 = 3*a, 5*k - 9 = 4*k - t*a. Calculate the highest common factor of k and 1.
1
Let n be -4 + 17/(102/108). Calculate the highest common factor of n and 259.
7
Let q(p) = -p. Let u be 2/(-4) - (-57)/6. Let i be q(u). Let d(m) = m**3 + 8*m**2 - 13*m - 13. Let n be d(i). What is the highest common divisor of 115 and n?
23
Let w(l) = -l**3 - 11*l**2 - 25*l - 36. Let z be w(-9). Calculate the highest common factor of 288 and z.
9
Let c be (4 - 2) + -1 + 34. Let p be ((-252)/(-168))/((-3)/(-28)). Calculate the highest common divisor of p and c.
7
Suppose 6*q + 5*q = 0. Suppose q = f - 2*w - 36, -66 = -2*f + 5*w - 3*w. Calculate the highest common divisor of 12 and f.
6
Let o be 31*(14/(-77) + 40/(-22)). Let r be -2 - -1 - o/(10/5). Calculate the highest common divisor of r and 15.
15
Suppose 4*j - 3200 = -46*j. What is the highest common factor of j and 400?
16
Let n = 28 + -20. Let u be n - ((-20)/5)/4. Let z be (-8)/(-6) - (-60)/u. Calculate the highest common divisor of z and 8.
8
Suppose 2*t - 104 + 12 = 0. Calculate the greatest common factor of t and 23.
23
Let i be (-4)/(-16) + (-58)/8. Let z be (24/(-14))/(1/i). Let g = 23 - -37. What is the highest common divisor of z and g?
12
Suppose 6*t = 3*t + 3*f + 3, -5*t - 5*f + 55 = 0. Let c be 4/3 - 2 - (-140)/30. What is the highest common factor of c and t?
2
Let x = -12 + 21. Suppose 3*z - 15 = -3*c, -3*z - z - 5*c + 22 = 0. What is the highest common factor of x and z?
3
Suppose -8*g + 36*g = 15652. What is the highest common divisor of g and 43?
43
Let l be 30 + 0 + 6/(-3). Let d be 680/119 + (-2)/(-7). Suppose -5*m - l = -d*m. Calculate the highest common factor of m and 42.
14
Let v(s) = 2 + 4*s**2 + s**2 + 0*s**3 - s**3. Suppose -3*l + 5*j + 10 = 0, 2*j = 1 + 1. Let i be v(l). Calculate the greatest common divisor of 18 and i.
2
Suppose h - 3*j + 9 = 0, -3*h + 6*h = -5*j + 43. Suppose -h = -6*u + 24. Calculate the greatest common divisor of u and 75.
5
Let y(z) = -z**3 - 3*z**2 - 5*z. Let l be y(-2). Let w(u) = -3*u + 15. Let q be w(l). Let j be (6/(-8))/(q/288). Calculate the highest common factor of j and 8.
8
Suppose -5*b + 2*r - 117 = 32, 6 = 3*r. Let f be -28*(2 - 5)/(-6). Let x = f - b. What is the highest common factor of 45 and x?
15
Let q = -58 + 93. Suppose -3*u + q = -58. What is the highest common divisor of 279 and u?
31
Suppose -2*l + 101 = 3*d, -5*d - 2*l - 8 = -171. Suppose 0 = -26*b + 18*b + 1984. What is the highest common factor of d and b?
31
Let p(y) = -10*y + 105. Let c be p(10). Let a = -4 - 0. Let z = c - a. What is the highest common divisor of 18 and z?
9
Suppose -1904 = -60*o + 26*o. What is the highest common factor of o and 350?
14
Let l be 6 - 13/((-65)/20). Calculate the highest common factor of 2 and l.
2
Suppose -5*x - 5*n + 1665 = 0, 0 = 14*x - 16*x - n + 669. Calculate the greatest common factor of 105 and x.
21
Let t(f) = 3*f**2 - 2*f - 1. Let m 